{"id":839,"date":"2016-04-19T11:54:24","date_gmt":"2016-04-19T11:54:24","guid":{"rendered":"http:\/\/crab-spice.themerex.net\/?page_id=2"},"modified":"2025-03-11T15:15:02","modified_gmt":"2025-03-11T14:15:02","slug":"home-1","status":"publish","type":"page","link":"https:\/\/irreductibles-asso.fr\/site\/","title":{"rendered":"Accueil"},"content":{"rendered":"<p>[vc_row][vc_column]<div class=\"sc_line sc_line_position_center_center sc_line_style_solid\" style=\"border-top-style:solid;\"><\/div>[\/vc_column][\/vc_row][vc_row full_width=\u00a0\u00bbstretch_row_content_no_spaces\u00a0\u00bb][vc_column]<div class=\"sc_promo scheme_dark sc_promo_size_large\"><div class=\"sc_promo_inner\"><div class=\"sc_promo_image\" style=\"background-image:url(https:\/\/irreductibles-asso.fr\/site\/wp-content\/uploads\/2021\/04\/vin-porte-bouteilles.jpg);width:50%;left: 0;\"><\/div><div class=\"sc_promo_block sc_align_left\" style=\"width: 50%; float: right;\"><div class=\"sc_promo_block_inner\"><h2 class=\"sc_promo_title sc_item_title\">\u00ab Les Irr\u00e9ductibles \u00bb<\/h2><div class=\"sc_promo_descr sc_item_descr\">L\u2019association \u00ab Les Irr\u00e9ductibles \u00bb est l\u2019aboutissement d\u2019une fusion de plusieurs belles rencontres entre personnes passionn\u00e9es par la vie et le vivant.<\/p>\n<p>C'est ainsi qu'en cette ann\u00e9e 2016, Luise, Karine et Sylvie d\u00e9cident de concr\u00e9tiser ce mouvement en lui donnant un nom et une appartenance juridique. L'association ``Les Irr\u00e9ductibles`` prend naissance et organise depuis, des \u00e9v\u00e9nements autour du vin dit \u00abnature\u00bb ou ``esprit Nature``, entrem\u00ealant projections cin\u00e9matographiques, expositions de peintures ou de photos, cr\u00e9ations culinaires, march\u00e9 de producteurs bio, bi\u00e8res bio, portraits radio, concerts, \u00e9crivains, etc.<\/p>\n<p>Le vin, la nature, les sens et la libert\u00e9 d\u2019expression artistique ont fa\u00e7onn\u00e9 le socle de cette association qui ne se veut pas pionni\u00e8re mais sinc\u00e8re \u00e0 travers ses impulsions et ses propositions.<\/div><div class=\"sc_promo_button sc_item_button\"><a href=\"https:\/\/irreductibles-asso.fr\/site\/association-les-irreductibles\/\" class=\"sc_button sc_button_square sc_button_style_filled sc_button_size_small  sc_button_iconed icon-right-small\">En savoir plus<\/a><\/div><\/div><\/div><\/div><\/div>[\/vc_column][\/vc_row][vc_row][vc_column]<div class=\"sc_line sc_line_position_center_center sc_line_style_solid\" style=\"border-top-style:solid;\"><\/div><h2 class=\"sc_title sc_title_regular\">Derni\u00e8res nouvelles<\/h2>[\/vc_column][\/vc_row][vc_row][vc_column][vc_masonry_grid post_type=\u00a0\u00bbpost\u00a0\u00bb max_items=\u00a0\u00bb12&Prime; style=\u00a0\u00bbload-more\u00a0\u00bb items_per_page=\u00a0\u00bb3&Prime; btn_title=\u00a0\u00bbPlus d\u2019actualit\u00e9s\u00a0\u00bb btn_color=\u00a0\u00bbdefault\u00a0\u00bb grid_id=\u00a0\u00bbvc_gid:1741702484566-0d3f8f4e-fd77-7&Prime;][\/vc_column][\/vc_row][vc_row][vc_column][vc_empty_space][\/vc_column][\/vc_row][vc_row][vc_column][vc_empty_space][\/vc_column][\/vc_row]<\/p>\n","protected":false},"excerpt":{"rendered":"<p>[vc_row][vc_column][\/vc_column][\/vc_row][vc_row full_width=\u00a0\u00bbstretch_row_content_no_spaces\u00a0\u00bb][vc_column][\/vc_column][\/vc_row][vc_row][vc_column][\/vc_column][\/vc_row][vc_row][vc_column][vc_masonry_grid post_type=\u00a0\u00bbpost\u00a0\u00bb max_items=\u00a0\u00bb12&Prime; style=\u00a0\u00bbload-more\u00a0\u00bb items_per_page=\u00a0\u00bb3&Prime; btn_title=\u00a0\u00bbPlus d\u2019actualit\u00e9s\u00a0\u00bb btn_color=\u00a0\u00bbdefault\u00a0\u00bb grid_id=\u00a0\u00bbvc_gid:1741702484566-0d3f8f4e-fd77-7&Prime;][\/vc_column][\/vc_row][vc_row][vc_column][vc_empty_space][\/vc_column][\/vc_row][vc_row][vc_column][vc_empty_space][\/vc_column][\/vc_row]<\/p>\n","protected":false},"author":1,"featured_media":0,"parent":0,"menu_order":0,"comment_status":"closed","ping_status":"closed","template":"","meta":{"footnotes":""},"class_list":["post-839","page","type-page","status-publish","hentry"],"_links":{"self":[{"href":"https:\/\/irreductibles-asso.fr\/site\/wp-json\/wp\/v2\/pages\/839","targetHints":{"allow":["GET"]}}],"collection":[{"href":"https:\/\/irreductibles-asso.fr\/site\/wp-json\/wp\/v2\/pages"}],"about":[{"href":"https:\/\/irreductibles-asso.fr\/site\/wp-json\/wp\/v2\/types\/page"}],"author":[{"embeddable":true,"href":"https:\/\/irreductibles-asso.fr\/site\/wp-json\/wp\/v2\/users\/1"}],"replies":[{"embeddable":true,"href":"https:\/\/irreductibles-asso.fr\/site\/wp-json\/wp\/v2\/comments?post=839"}],"version-history":[{"count":46,"href":"https:\/\/irreductibles-asso.fr\/site\/wp-json\/wp\/v2\/pages\/839\/revisions"}],"predecessor-version":[{"id":2639,"href":"https:\/\/irreductibles-asso.fr\/site\/wp-json\/wp\/v2\/pages\/839\/revisions\/2639"}],"wp:attachment":[{"href":"https:\/\/irreductibles-asso.fr\/site\/wp-json\/wp\/v2\/media?parent=839"}],"curies":[{"name":"wp","href":"https:\/\/api.w.org\/{rel}","templated":true}]}}