{"id":1705,"date":"2020-03-25T18:00:28","date_gmt":"2020-03-25T17:00:28","guid":{"rendered":"http:\/\/irreductibles-asso.fr\/site\/?page_id=1705"},"modified":"2025-01-03T15:58:43","modified_gmt":"2025-01-03T14:58:43","slug":"association-les-irreductibles","status":"publish","type":"page","link":"https:\/\/irreductibles-asso.fr\/site\/association-les-irreductibles\/","title":{"rendered":"L&rsquo;association"},"content":{"rendered":"<p>[vc_row][vc_column width=\u00a0\u00bb1\/2&Prime;][vc_custom_heading text=\u00a0\u00bbEn quelques mots&#8230;\u00a0\u00bb google_fonts=\u00a0\u00bbfont_family:Bree%20Serif%3Aregular|font_style:400%20regular%3A400%3Anormal\u00a0\u00bb]<span class=\"sc_highlight\">L\u2019association \u00ab\u00a0<em>Les Irr\u00e9ductibles<\/em>\u00a0\u00bb est l\u2019aboutissement d\u2019une fusion de plusieurs belles rencontres\u00a0entre personnes passionn\u00e9es par la vie et le vivant.<\/p>\n<p>C&rsquo;est ainsi qu&rsquo;en cette ann\u00e9e\u00a0 2016, Luise, Karine et Sylvie d\u00e9cident de concr\u00e9tiser ce mouvement en lui donnant un nom et une appartenance juridique. L&rsquo;association \u00ab\u00a0Les Irr\u00e9ductibles\u00a0\u00bb prend naissance et organise depuis, des \u00e9v\u00e9nements autour du vin dit \u00abnature\u00bb ou \u00ab\u00a0esprit Nature\u00a0\u00bb.<\/p>\n<p>Ces \u00e9v\u00e9nements entrem\u00ealent projections cin\u00e9matographiques, expositions de peintures ou de photos, cr\u00e9ations culinaires, march\u00e9 de producteurs bio, bi\u00e8res bio, portraits radio, concerts, \u00e9crivains, etc.<\/p>\n<p>Le vin, la nature, les sens et la libert\u00e9 d\u2019expression artistique ont fa\u00e7onn\u00e9 le socle de cette association qui ne se veut pas pionni\u00e8re mais sinc\u00e8re \u00e0 travers ses impulsions et ses propositions.<\/p>\n<p>Sa volont\u00e9 principale est avant tout de proposer des moments o\u00f9 la convivialit\u00e9 et la bonne humeur sont \u00e0 l\u2019honneur \u00e0 travers une \u00e9thique claire et une tra\u00e7abilit\u00e9 palpable.<\/span>[\/vc_column][vc_column width=\u00a0\u00bb1\/2&Prime;][vc_empty_space height=\u00a0\u00bb90px\u00a0\u00bb][vc_column_text]L&rsquo;association suit avec attention, les \u00e9volutions, et soutient toutes les volont\u00e9s qui permettent de tendre vers la perfection.<\/p>\n<p>Conscients que le monde du vin \u00e9volue et que la curiosit\u00e9 des consommateurs s\u2019accentue<b>,\u00a0 <\/b>La Devise Majeure\u00a0 des Irr\u00e9ductibles est de favoriser dans un esprit\u00a0 convivial\u00a0 <b>la rencontre entre ceux qui veulent et ceux qui savent\u00a0!<\/b><\/p>\n<p>L&rsquo;association fait souvent appel \u00e0 des connaisseurs et des organisateurs d\u2019exp\u00e9riences. \u00a0Leurs curiosit\u00e9s sans limites, leurs r\u00e9seaux et leur savoir faire ont permis, entre autre, la naissance en 2016 de <a href=\"https:\/\/irreductibles-asso.fr\/site\/wp-content\/uploads\/2020\/03\/2016-la-GoulAyance-affiche.jpg\">la GoulAyance<\/a>.<br \/>\nA ce jour, ce salon apporte \u00e0 notre collectif une reconnaissance\u00a0 et une cr\u00e9dibilit\u00e9 incontestables.<\/p>\n<p><i>Luise Franck : Pr\u00e9sidente<br \/>\n<\/i><i>Karine Foussier : Tr\u00e9sori\u00e8re<br \/>\n<\/i><i>Sylvie Maloux : Secr\u00e9taire g\u00e9n\u00e9rale<\/i>[\/vc_column_text][\/vc_column][\/vc_row][vc_row full_width=\u00a0\u00bbstretch_row\u00a0\u00bb inverse=\u00a0\u00bb\u00a0\u00bb css=\u00a0\u00bb.vc_custom_1585219019155{background-color: #efefef !important;}\u00a0\u00bb][vc_column][vc_images_carousel images=\u00a0\u00bb2172,1890&Prime; img_size=\u00a0\u00bbfull\u00a0\u00bb onclick=\u00a0\u00bblink_no\u00a0\u00bb autoplay=\u00a0\u00bbyes\u00a0\u00bb css_animation=\u00a0\u00bbnone\u00a0\u00bb css=\u00a0\u00bb.vc_custom_1617298507050{margin-top: 30px !important;margin-bottom: 30px !important;}\u00a0\u00bb][\/vc_column][\/vc_row]<\/p>\n","protected":false},"excerpt":{"rendered":"<p>[vc_row][vc_column width=\u00a0\u00bb1\/2&Prime;][vc_custom_heading text=\u00a0\u00bbEn quelques mots&#8230;\u00a0\u00bb google_fonts=\u00a0\u00bbfont_family:Bree%20Serif%3Aregular|font_style:400%20regular%3A400%3Anormal\u00a0\u00bb][\/vc_column][vc_column width=\u00a0\u00bb1\/2&Prime;][vc_empty_space height=\u00a0\u00bb90px\u00a0\u00bb][vc_column_text]L&rsquo;association suit avec attention, les \u00e9volutions, et soutient toutes les volont\u00e9s qui permettent de tendre vers la perfection. Conscients que le monde du vin \u00e9volue et que la curiosit\u00e9 des consommateurs s\u2019accentue,\u00a0 La Devise Majeure\u00a0 des Irr\u00e9ductibles est de favoriser dans un esprit\u00a0 convivial\u00a0 la rencontre entre ceux [&hellip;]<\/p>\n","protected":false},"author":1,"featured_media":0,"parent":0,"menu_order":0,"comment_status":"closed","ping_status":"closed","template":"","meta":{"footnotes":""},"class_list":["post-1705","page","type-page","status-publish","hentry"],"_links":{"self":[{"href":"https:\/\/irreductibles-asso.fr\/site\/wp-json\/wp\/v2\/pages\/1705","targetHints":{"allow":["GET"]}}],"collection":[{"href":"https:\/\/irreductibles-asso.fr\/site\/wp-json\/wp\/v2\/pages"}],"about":[{"href":"https:\/\/irreductibles-asso.fr\/site\/wp-json\/wp\/v2\/types\/page"}],"author":[{"embeddable":true,"href":"https:\/\/irreductibles-asso.fr\/site\/wp-json\/wp\/v2\/users\/1"}],"replies":[{"embeddable":true,"href":"https:\/\/irreductibles-asso.fr\/site\/wp-json\/wp\/v2\/comments?post=1705"}],"version-history":[{"count":70,"href":"https:\/\/irreductibles-asso.fr\/site\/wp-json\/wp\/v2\/pages\/1705\/revisions"}],"predecessor-version":[{"id":2636,"href":"https:\/\/irreductibles-asso.fr\/site\/wp-json\/wp\/v2\/pages\/1705\/revisions\/2636"}],"wp:attachment":[{"href":"https:\/\/irreductibles-asso.fr\/site\/wp-json\/wp\/v2\/media?parent=1705"}],"curies":[{"name":"wp","href":"https:\/\/api.w.org\/{rel}","templated":true}]}}